 multiple of 316?
False
Is 58 a factor of 528?
False
Is 12 a factor of 1896?
True
Does 7 divide 184?
False
Does 39 divide 1326?
True
Does 41 divide 4054?
False
Is 7752 a multiple of 136?
True
Does 26 divide 19708?
True
Does 64 divide 379?
False
Is 478 a multiple of 33?
False
Is 5 a factor of 368?
False
Does 16 divide 3962?
False
Is 93 a factor of 9915?
False
Is 2384 a multiple of 50?
False
Does 33 divide 1221?
True
Is 9 a factor of 14688?
True
Does 16 divide 2378?
False
Is 5114 a multiple of 4?
False
Is 6 a factor of 12899?
False
Is 45520 a multiple of 10?
True
Does 16 divide 1888?
True
Does 15 divide 465?
True
Is 30264 a multiple of 40?
False
Is 52 a factor of 80135?
False
Is 6 a factor of 2299?
False
Does 18 divide 931?
False
Is 915 a multiple of 5?
True
Is 5809 a multiple of 157?
True
Does 9 divide 3186?
True
Is 74 a factor of 749?
False
Is 6227 a multiple of 20?
False
Is 2 a factor of 7548?
True
Is 469 a multiple of 7?
True
Is 5 a factor of 15938?
False
Is 11 a factor of 7928?
False
Does 32 divide 10496?
True
Is 75 a factor of 1057?
False
Is 10 a factor of 328?
False
Does 18 divide 76626?
True
Is 3 a factor of 580?
False
Is 571 even?
False
Does 130 divide 3640?
True
Is 12 a factor of 3874?
False
Is 87 a factor of 14529?
True
Does 3 divide 36?
True
Does 109 divide 7571?
False
Is 245 even?
False
Does 5 divide 225?
True
Is 255 a factor of 64773?
False
Is 35 a factor of 21846?
False
Is 53 a factor of 7388?
False
Is 12036 a multiple of 68?
True
Is 51 a factor of 43775?
False
Is 14 a factor of 9773?
False
Does 112 divide 784?
True
Does 8 divide 208?
True
Does 3 divide 89?
False
Is 8 a factor of 131?
False
Is 13 a factor of 3692?
True
Is 5627 a multiple of 42?
False
Is 8 a factor of 6448?
True
Does 161 divide 5152?
True
Is 67 a factor of 128?
False
Does 39 divide 46850?
False
Is 15662 a multiple of 2?
True
Is 43550 a multiple of 67?
True
Does 46 divide 21263?
False
Does 16 divide 624?
True
Does 44 divide 9636?
True
Is 97 a factor of 3106?
False
Is 216 a multiple of 8?
True
Is 72420 a multiple of 213?
True
Does 40 divide 14124?
False
Is 4159 a multiple of 15?
False
Is 260 a multiple of 4?
True
Does 7 divide 3101?
True
Is 4569 a multiple of 55?
False
Is 6972 a multiple of 28?
True
Does 34 divide 25806?
True
Is 92 a multiple of 5?
False
Is 141 a factor of 7896?
True
Is 27 a factor of 650?
False
Is 65 a factor of 1848?
False
Is 8289 a multiple of 56?
False
Is 57 a factor of 56772?
True
Is 1302 a multiple of 14?
True
Does 23 divide 4163?
True
Is 34 a factor of 12852?
True
Is 57 a factor of 3135?
True
Is 3833 a multiple of 3?
False
Is 5 a factor of 71?
False
Is 1917 a multiple of 5?
False
Does 33 divide 1704?
False
Is 462 a multiple of 9?
False
Does 36 divide 10260?
True
Is 18 a factor of 1849?
False
Is 2204 a multiple of 116?
True
Does 6 divide 11982?
True
Does 57 divide 1026?
True
Does 81 divide 385?
False
Does 62 divide 35051?
False
Is 2446 a multiple of 32?
False
Does 23 divide 529?
True
Is 2160 a multiple of 10?
True
Is 542 a multiple of 15?
False
Is 216 a multiple of 54?
True
Does 7 divide 2095?
False
Is 24 a factor of 2256?
True
Does 26 divide 28983?
False
Does 30 divide 966?
False
Does 10 divide 110?
True
Does 14 divide 15092?
True
Is 54 a factor of 5292?
True
Does 35 divide 204?
False
Is 33855 a multiple of 185?
True
Is 22 a factor of 49262?
False
Is 34384 a multiple of 23?
False
Is 4053 a multiple of 10?
False
Does 5 divide 5230?
True
Does 174 divide 9164?
False
Is 2115 a multiple of 17?
False
Is 39 a factor of 19617?
True
Is 28 a factor of 18368?
True
Does 8 divide 3784?
True
Does 113 divide 4068?
True
Does 11 divide 496?
False
Does 94 divide 18513?
False
Is 4904 a multiple of 16?
False
Is 10 a factor of 39357?
False
Is 14 a factor of 3341?
False
Is 17 a multiple of 17?
True
Is 294 a multiple of 14?
True
Is 11 a factor of 11418?
True
Is 19 a factor of 4619?
False
Is 13800 a multiple of 276?
True
Is 4 a factor of 256?
True
Is 5129 a multiple of 5?
False
Is 4329 a multiple of 3?
True
Is 11 a factor of 22963?
False
Is 2 a factor of 7?
False
Does 17 divide 688?
False
Does 14 divide 294?
True
Is 26 a factor of 334?
False
Is 66 a factor of 21493?
False
Does 54 divide 319?
False
Is 12 a factor of 936?
True
Is 9 a factor of 326?
False
Is 64 a factor of 10048?
True
Is 17034 a multiple of 51?
True
Is 47838 a multiple of 134?
True
Is 22 a factor of 1459?
False
Is 5 a factor of 21370?
True
Is 621 a multiple of 60?
False
Is 672 a multiple of 16?
True
Is 36 a factor of 1926?
False
Is 44 a factor of 1496?
True
Does 57 divide 7802?
False
Is 168227 a multiple of 17?
False
Is 2350 a multiple of 94?
True
Is 10 a factor of 425?
False
Does 19 divide 11046?
False
Does 15 divide 10326?
False
Does 218 divide 11081?
False
Is 57 a factor of 2032?
False
Does 7 divide 4653?
False
Is 221 a multiple of 33?
False
Is 13790 a multiple of 14?
True
Does 18 divide 2664?
True
Does 8 divide 296?
True
Does 7 divide 231?
True
Is 894 a multiple of 6?
True
Does 34 divide 16174?
False
Is 103 a factor of 1854?
True
Is 803 a multiple of 17?
False
Does 19 divide 1064?
True
Does 57 divide 969?
True
Does 47 divide 188?
True
Is 4312 a multiple of 5?
False
Does 12 divide 4851?
False
Is 1667 a multiple of 36?
False
Is 972 a multiple of 36?
True
Is 27308 a multiple of 12?
False
Is 1680 a multiple of 28?
True
Is 3 a factor of 297?
True
Is 360 a multiple of 15?
True
Is 62 a factor of 545?
False
Does 24 divide 192?
True
Is 11288 a multiple of 83?
True
Is 6296 a multiple of 8?
True
Is 460 a multiple of 2?
True
Is 6 a factor of 63?
False
Is 39600 a multiple of 72?
True
Is 17800 a multiple of 6?
False
Is 32830 a multiple of 70?
True
Is 31 a factor of 744?
True
Is 19 a factor of 912?
True
Does 3 divide 10985?
False
Is 10 a factor of 380?
True
Is 11 a factor of 2943?
False
Does 18 divide 1890?
True
Is 52 a multiple of 4?
True
Does 16 divide 669?
False
Is 28188 a multiple of 27?
True
Does 14 divide 1225?
False
Is 101 a multiple of 2?
False
Is 14 a factor of 210?
True
Is 12 a factor of 5209?
False
Does 37 divide 11769?
False
Is 4608 a multiple of 64?
True
Is 8299 a multiple of 20?
False
Does 51 divide 15759?
True
Is 20 a factor of 21151?
False
Is 26 a factor of 1517?
False
Does 34 divide 578?
True
Is 1620 a multiple of 108?
True
Does 8 divide 4352?
True
Is 536 a multiple of 8?
True
Is 71 a factor of 1684?
False
Is 18143 a multiple of 8?
False
Is 19 a factor of 998?
False
Is 234 a factor of 2585?
False
Does 21 divide 10021?
False
Is 4048 a multiple of 88?
True
Is 388 a multiple of 7?
False
Is 272 a factor of 78880?
True
Is 6 a factor of 1698?
True
Is 1550 a multiple of 50?
True
Does 26 divide 539?
False
Does 9 divide 3592?
False
Does 3 divide 12250?
False
Does 15 divide 555?
True
Does 83 divide 52895?
False
Does 10 divide 945?
False
Is 54036 a multiple of 158?
True
Is 4160 a multiple of 13?
True
Is 5 a factor of 291?
False
Is 18 a factor of 677?
False
Does 4 divide 9800?
True
Is 1507 a multiple of 91?
False
Is 14 a factor of 476?
True
Does 9 divide 4890?
False
Is 287 a multiple of 24?
False
Is 1772 a multiple of 12?
False
Does 3 divide 328?
False
Is 27 a factor of 702?
True
Is 7 a factor of 693?
True
Is 4598 a multiple of 19?
True
Is 69693 a multiple of 13?
True
Does 47 divide 2204?
False
Is 2 a factor of 11638?
True
Does 12 divide 4908?
True
Is 13379 a multiple of 8?
False
Is 3 a factor of 14530?
False
Is 2 a factor of 6009?
False
Is 28 a multiple of 14?
True
Is 8460 a multiple of 12?
True
Is 12 a multiple of 6?
True
Does 23 divide 299?
True
Is 262 a factor of 33012?
True
Does 20 divide 79?
False
Does 16 divide 2272?
True
Is 558 a multiple of 13?
False
Is 93 a factor of 10361?
False
Is 21 a factor of 147?
True
Does 20 divide 1235?
False
Is 251 a factor of 6464?
False
Is 59 a factor of 17582?
True
Is 112 a factor of 8739?
False
Is 37 a factor of 124026?
False
Is 2263 a multiple of 46?
False
Is 6 a factor of 7443?
False
Is 682 a multiple of 31?
True
Is 3216 a multiple of 8?
True
Is 2632 a multiple of 188?
True
Is 60 a factor of 1433?
False
Does 95 divide 22895?
True
Is 326 a multiple of 11?
False
Is 199 a multiple of 14?
False
Does 16 divide 8064?
True
Does 10 divide 5500?
True
Is 293 a multiple of 13?
False
Does 14 divide 151592?
True
Is 21 a factor of 2436?
True
Does 54 divide 482?
False
Is 44 a f